{"id":259,"date":"2019-06-24T04:36:58","date_gmt":"2019-06-24T04:36:58","guid":{"rendered":"http:\/\/marciooliveiraeventos.com.br\/principal\/?page_id=259"},"modified":"2019-07-03T01:43:40","modified_gmt":"2019-07-03T01:43:40","slug":"imersao-harmonizacao-orofacial","status":"publish","type":"page","link":"https:\/\/marciooliveiraeventos.com.br\/principal\/imersao-harmonizacao-orofacial\/","title":{"rendered":"IMERS\u00c3O EM HARMONIZA\u00c7\u00c3O OROFACIAL"},"content":{"rendered":"<p>[vc_row][vc_column][vc_column_text]<\/p>\n<h4><b>PROGRAMA CIENT\u00cdFICO RESUMIDO<\/b>:<\/h4>\n<ol>\n<li><b><b>Preenchimento Facial, com \u00c1cido Hialur\u00f4nico:<\/b><\/b>\n<ul>\n<li>Anatomia das diferentes camadas dos tecidos moles;<\/li>\n<li>Sinais de envelhecimento e identifica\u00e7\u00e3o das perdas volum\u00e9tricas;<\/li>\n<li><strong>An\u00e1lise facial;<\/strong><\/li>\n<li><strong>Diagn\u00f3stico e planejamento de casos;<\/strong><\/li>\n<li>Escolha do \u00e1cido hialur\u00f4nico ideal <strong>para cada caso;<\/strong><\/li>\n<li>Apresenta\u00e7\u00e3o das diversas marcas e propriedades do \u00e1cido hialur\u00f4nico;<\/li>\n<li><strong>Hands on de planejamento em manequim;<\/strong><\/li>\n<li>Descri\u00e7\u00e3o das t\u00e9cnicas <strong>de acordo com a regi\u00e3o,<\/strong><\/li>\n<li>Condutas profil\u00e1ticas e manejo de <strong>intercorr\u00eancias<\/strong>;<\/li>\n<li><strong>ATENDIMENTO A PACIENTES*<\/strong> {*Em princ\u00edpio, um paciente do curso, por dupla, conforme nossa experi\u00eancia de tempo do aluno, nesta fase, com preenchimento e toxina botul\u00ednica <strong>simultaneamente<\/strong>. Em sendo poss\u00edvel (tempo x did\u00e1tica x aprendizado), o aluno poder\u00e1 atender, tamb\u00e9m, ao paciente trazido por si, individualmente ou em dupla, \u00e0 necessidade. Comun\u00edssimo no curso, tamb\u00e9m, pedidos de procedimentos entre colegas}.<\/li>\n<\/ul>\n<\/li>\n<li><b>Toxina Botul\u00ednica:<\/b>\n<ul>\n<li>Apresenta\u00e7\u00e3o da toxina botul\u00ednica;<\/li>\n<li>Mecanismo de a\u00e7\u00e3o;<\/li>\n<li>Dom\u00ednio das diferentes dilui\u00e7\u00f5es e suas<strong> aplica\u00e7\u00f5es cl\u00ednicas<\/strong>;<\/li>\n<li>Diagn\u00f3stico e planejamento <strong>nos tr\u00eas ter\u00e7os da face<\/strong>;<\/li>\n<li><strong>Panejamento<\/strong> nas assimetrias e em paralisia facial;<\/li>\n<li>Doses eficazes;<\/li>\n<li>Manejo de <strong>intercorr\u00eancias<\/strong>;<\/li>\n<li><b>Hands on dos m\u00fasculos da m\u00edmica e pontos de aplica\u00e7\u00e3o;<\/b><\/li>\n<li><b>ATENDIMENTO A PACIENTES* (*Idem acima).<\/b><\/li>\n<\/ul>\n<\/li>\n<\/ol>\n<p>[\/vc_column_text][\/vc_column][\/vc_row][vc_row][vc_column width=&#8221;1\/2&#8243;][vc_btn title=&#8221;CLIQUE AQUI E INSCREVA-SE!&#8221; style=&#8221;classic&#8221; color=&#8221;vista-blue&#8221; align=&#8221;right&#8221; i_icon_fontawesome=&#8221;fa fa-pencil-square-o&#8221; css_animation=&#8221;lightSpeedIn&#8221; add_icon=&#8221;true&#8221; link=&#8221;url:http%3A%2F%2Fmarciooliveiraeventos.com.br%2Fprincipal%2Finscricao-harmonizacao-orofacial%2F|title:Se%20ainda%20n%C3%A3o%20se%20inscreveu%2C%20clique%20neste!|target:%20_blank|&#8221; css=&#8221;.vc_custom_1562118132395{background-position: center !important;background-repeat: no-repeat !important;background-size: cover !important;}&#8221;][\/vc_column][\/vc_row][vc_row][vc_column][vc_column_text]<\/p>\n<h4>INFORMA\u00c7\u00d5ES e INSCRI\u00c7\u00d5ES:<\/h4>\n<p>Av. Prudente de Morais, 287\/1011 . Cidade Jardim . Belo Horizonte . MG . 30350-093 . Email: marcio.cursos@terra.com.br . Telefones fixos: (31) 3297-9252 e (31) 3292-7968 . M\u00f3vel e WhatsApp: (31) 99925-3558.[\/vc_column_text][\/vc_column][\/vc_row]<\/p>\n","protected":false},"excerpt":{"rendered":"<p>[vc_row][vc_column][vc_column_text] PROGRAMA CIENT\u00cdFICO RESUMIDO: Preenchimento Facial, com \u00c1cido Hialur\u00f4nico: Anatomia das diferentes camadas dos tecidos moles; Sinais de envelhecimento e identifica\u00e7\u00e3o das perdas volum\u00e9tricas; An\u00e1lise facial;<span class=\"excerpt-hellip\"> [\u2026]<\/span><\/p>\n","protected":false},"author":2,"featured_media":0,"parent":0,"menu_order":0,"comment_status":"closed","ping_status":"closed","template":"","meta":{"footnotes":""},"class_list":["post-259","page","type-page","status-publish","hentry"],"_links":{"self":[{"href":"https:\/\/marciooliveiraeventos.com.br\/principal\/wp-json\/wp\/v2\/pages\/259","targetHints":{"allow":["GET"]}}],"collection":[{"href":"https:\/\/marciooliveiraeventos.com.br\/principal\/wp-json\/wp\/v2\/pages"}],"about":[{"href":"https:\/\/marciooliveiraeventos.com.br\/principal\/wp-json\/wp\/v2\/types\/page"}],"author":[{"embeddable":true,"href":"https:\/\/marciooliveiraeventos.com.br\/principal\/wp-json\/wp\/v2\/users\/2"}],"replies":[{"embeddable":true,"href":"https:\/\/marciooliveiraeventos.com.br\/principal\/wp-json\/wp\/v2\/comments?post=259"}],"version-history":[{"count":0,"href":"https:\/\/marciooliveiraeventos.com.br\/principal\/wp-json\/wp\/v2\/pages\/259\/revisions"}],"wp:attachment":[{"href":"https:\/\/marciooliveiraeventos.com.br\/principal\/wp-json\/wp\/v2\/media?parent=259"}],"curies":[{"name":"wp","href":"https:\/\/api.w.org\/{rel}","templated":true}]}}